composite?
False
Suppose 3*d + 6 - 21 = 0. Suppose 0 = -3*h + 12, 5*z + d*h - 1752 = 68. Suppose 2*w - 3*t - 196 = 519, 0 = -w - t + z. Is w composite?
False
Let w = 2987 - 128. Suppose -5*h + 16 = -24. Suppose -w = -h*m + 5*m. Is m a composite number?
False
Is (-9 - 28/(-4))*3 + 63791 a prime number?
False
Let c(r) = r + 3. Let p be c(-3). Suppose -27 + 8 = q - 5*s, p = 5*q - 4*s + 11. Suppose -q = z, -4*z = 5*i + 7 - 668. Is i composite?
True
Let g(c) = 2*c**2 - 1. Let i be 5/(2 - (1 + 2)). Is g(i) prime?
False
Let p = -37097 + 56118. Is p composite?
True
Let d(w) be the first derivative of 6*w**2 - 11*w - 12. Is d(5) a prime number?
False
Is 45267 + -2 - 7/((-35)/40) a composite number?
True
Let d = 35 + -33. Suppose -3*m + 347 + 6 = d*j, 4*m - 470 = -3*j. Is m a prime number?
False
Let i = -29 - -42. Suppose 4*t = -d - 0 - i, -t - 3 = 0. Is 145 - (d + -3)*1 a composite number?
False
Let i = -9 - -21. Suppose 4*d - 8 = i. Suppose d*s - 154 = 901. Is s a composite number?
False
Suppose 5*i = 3*j - 177157, -j = 5*i - 8006 - 51053. Is j a composite number?
True
Let g(o) = 3*o + 5. Let k(v) = -2*v**2 - 5*v - 2. Let d be k(-3). Let r be g(d). Let l = r - -23. Is l a composite number?
False
Let c = 4891 - 976. Suppose 0 = -9*k - 1152 + c. Is k a prime number?
True
Let j be 4 - 4 - (-4 - -1)/1. Is (6/(-4)*2284/j)/(-2) a prime number?
True
Let c be (15/10)/((-2)/4). Let h(a) = a**3 + 2*a**2 - 5*a - 4. Let u be h(c). Let o = 35 + u. Is o a composite number?
False
Let i(h) = 45*h - 7. Let v = -14 + 17. Let c be i(v). Let y = c + -45. Is y a composite number?
False
Suppose -7*m - 9 = -2. Is m/((-2140)/1068 - -2) composite?
True
Let l = -2433 - -345. Let o = 3342 + l. Suppose -3*b + o - 395 = 4*c, 2*c + 10 = 0. Is b a prime number?
True
Suppose 5*s + 10 - 30 = 0. Suppose -s*k - 5*g + 306 = -k, 0 = -g + 3. Is k a composite number?
False
Let q be (2786*-4)/(-2) + -2. Suppose 11*t - q = t. Is t a prime number?
True
Suppose -22 + 2 = -4*p + 4*k, 0 = -4*p - k - 5. Suppose p = -5*c - 2*m - 20, -2*m + m - 13 = 4*c. Let o(y) = -26*y**3 + y**2 - 2*y + 1. Is o(c) composite?
True
Suppose 4 = -9*j + 22. Is ((-4)/(-16))/((-1)/j)*-1838 prime?
True
Let r(h) = 239*h**2 + 7*h + 8. Let t be r(-6). Suppose 6*l - l = t. Suppose 4*k = 5*s + l + 2721, k + 3*s - 1130 = 0. Is k a prime number?
False
Let o = 1415 - -7842. Is o composite?
False
Let w(n) = n**3 + 10*n**2 + 3*n + 5. Let f be 4/(-10) - (-252)/(-20). Let t = f + 5. Is w(t) a composite number?
False
Let g(p) = 67*p**2 + 38*p - 39. Is g(-22) a composite number?
True
Suppose 15*k - k = 307790. Is k prime?
False
Let b = -472 + 72. Let o = 187 - b. Is o composite?
False
Suppose -34*t + 51298 = -8*t. Is t a prime number?
True
Suppose 0 = 38*l + 67*l - 2713305. Is l a prime number?
True
Let d be (-5 - 0)/((-6)/174). Suppose 3*r - 638 = -4*t, -r + d + 77 = -t. Suppose l - 3*l + r = -2*j, 3*j = l - 109. Is l a prime number?
True
Suppose 26*i - 28407 = 9*i. Is i composite?
True
Let v = 1104 - 363. Let i = v - 478. Is i a prime number?
True
Let m be 303 + -1 + (-15)/(4 - -1). Suppose 408 = -2*w + 5*w. Let x = m - w. Is x composite?
False
Let l = 13654 + -5369. Is l a prime number?
False
Let i(a) = -a**2 + 6*a - 3. Let x be i(5). Let h be (x/1 - 0) + -162. Let m = 287 + h. Is m a prime number?
True
Let h = 1 - 5. Let j be -887 - (2 + -3 - h). Let k = -496 - j. Is k a prime number?
False
Suppose -8*u + 4*u = -16. Suppose -u*i + 415 = -289. Suppose -2*n = -5*c + 43 + 121, -5*c = 2*n - i. Is c composite?
True
Suppose 0 = -8*b + 6*b + a + 4927, 2*b = 4*a + 4942. Is b composite?
True
Let c(b) = -b**3 + 18*b**2 - 16*b + 14. Let g be c(16). Is -2 + (g - 2) + -4 prime?
False
Let g(a) = -a**2 - 6*a + 4. Let n be g(-5). Let k be (n/6)/((-1)/200). Is (-1)/1 - k/2 prime?
True
Suppose -3*y + 40496 = -0*x - 5*x, 67540 = 5*y + x. Is y a composite number?
True
Suppose 2*o = -3*o + 18205. Is o composite?
True
Let u(k) = -1830*k - 185. Is u(-11) composite?
True
Let l be 4/(-6) + 17/3. Let i(s) be the second derivative of 2*s**3/3 + 11*s**2/2 - 29*s - 2. Is i(l) a prime number?
True
Is (-1337)/14*(-44 + 2/(-1)) a composite number?
True
Let z be (1 + 2)/(24/208). Suppose 24*o - z*o + 502 = 0. Is o composite?
False
Let y(v) = 374*v**2 + 28*v - 1. Is y(5) prime?
False
Suppose 0 = 4*f + 3*g - 3640 - 16929, -g = -4*f + 20573. Is f a composite number?
True
Let o = -542 - -6477. Is o a composite number?
True
Suppose 14*c = 10*c - 8. Is 0 - (-1)/(c/(-442)) a prime number?
False
Let r(n) = -n**2 - 2*n - 1. Let x be r(-1). Suppose -743 = 2*l - 4*l - 5*h, x = -l - h + 367. Suppose 0 = -5*t - l + 1019. Is t prime?
True
Let k be (3/1 - 87*1) + 2. Let p(g) = -3*g**2 - 3*g + 6. Let q be p(6). Let s = k - q. Is s prime?
False
Let b be (-33)/(-18) - -1*3/18. Suppose -4*w + 461 + 1557 = -b*n, 3*n + 1015 = 2*w. Is w prime?
True
Let g be (-1)/(0 + -2 + 3). Let d be 4 + -2 + (0 - g). Suppose p - 183 = -4*m, d*p - 3*m + 585 = 6*p. Is p prime?
True
Let l = 12976 + 38695. Is l composite?
True
Suppose -y = -3*f + 125413, -45*f + y = -43*f - 83610. Is f a composite number?
True
Let x(l) = -562*l - 29. Is x(-3) composite?
False
Let w = -202 - 2972. Let n = w - -4867. Is n a composite number?
False
Let o(u) = -13049*u**3 - 8*u**2 - 7*u - 9. Is o(-2) prime?
False
Suppose 3*c = 2*v + 96, 214 = -0*v - 4*v - 5*c. Is v/(-2)*28/(-18)*-3 a prime number?
False
Let n be ((-12)/(-3))/(-3*(-5)/30). Is -1510*(-4)/n - 2 prime?
False
Is ((296898/24)/7)/(6/24) a composite number?
False
Suppose 327235 = 11*q + 119786. Is q composite?
False
Is 3 + (634 - 24/4) a composite number?
False
Suppose -5*o = -o - 5*s - 3983, 4*s + 982 = o. Suppose -o = x - 3*x. Is x composite?
True
Suppose 90*x - 42 = 88*x. Suppose 24*c = x*c + 249. Is c a composite number?
False
Suppose 0 = 5*s + 462 + 193. Let i(q) = 341*q**3 + q. Let z be i(1). Let t = s + z. Is t composite?
False
Let k(p) = -394*p - 213. Is k(-8) composite?
False
Let y(c) = 3*c - 5. Let k be y(5). Let t = k - 6. Suppose -6*p + 2*p - g = -1169, -t*p - 3*g = -1179. Is p prime?
False
Let i(h) = -237*h**3 - 2*h**2 - 11*h + 45. Is i(-11) a prime number?
False
Let f(o) = o**2 + 14*o + 13. Let t be f(11). Let a(s) = 19*s**2 - 1. Let j be a(2). Suppose -c = 3*y - y - j, -5*y = 4*c - t. Is c prime?
True
Suppose -15*j = 55 - 19840. Is j prime?
True
Let c(m) = m - 25. Let k be c(16). Let z = k - -45. Is 1574/(-3)*z/(-24) composite?
False
Let i = -5397 - -9140. Is i composite?
True
Is 232455/21 - (-6)/(-21) a composite number?
False
Let v = 1769 - 963. Suppose v - 4392 = -11*n. Is n a prime number?
False
Let y = 2041 - 1032. Suppose 0 = -5*m + 10 + 5. Suppose -2*l + m*l = y. Is l composite?
False
Suppose 0 = -v + 4 - 2. Let c be (v/(-4))/(5/(-70)). Let u(y) = y**3 - 7*y**2 + y + 6. Is u(c) composite?
False
Let z(i) = 10*i**2 + 141*i + 102. Is z(29) a composite number?
False
Suppose -60389 = -z + 21998. Is z composite?
False
Let g be (-3)/4 - (-871)/4. Suppose -v + g + 570 = 0. Is v composite?
False
Suppose -r = 4*r - 10. Let l(g) = 1 + 24*g + 2*g**r + 0 + 15*g**3 - 23*g. Is l(2) composite?
False
Let x = 3875 - 492. Is x a prime number?
False
Let l = 2629 + 3840. Is l composite?
False
Suppose 3*h = w + w + 4, -5*w = 4*h - 13. Suppose 0 = 8*u - h*u - 19344. Is ((-1)/(-1))/(8/u) a composite number?
True
Is (-34)/3*6*(-282)/24 a composite number?
True
Let c(v) be the third derivative of v**6/60 + 11*v**5/60 + 11*v**4/24 + v**3 - 2*v**2. Let q be c(-7). Let i = q - -405. Is i a composite number?
True
Suppose 30 - 5 = 5*n, 4*n = 5*t - 25085. Is t composite?
False
Let g be (14/35)/((-4)/10). Is (-14 + -1763)*1/g a prime number?
True
Let v be (-8)/4 + 0 + 9. Suppose -5*o + 8 + v = 0, 5*o = 2*b - 2507. Is b composite?
True
Suppose 0 = -5*c - 4*k + 12833, -5*k = 5*c - 3*k - 12839. Is c composite?
True
Suppose 31*w + 5*a + 61451 = 34*w, 102401 = 5*w - 4*a. Is w a prime number?
True
Suppose o - 5*o - 3*w = -1629, -406 = -o - 2*w. Let j = o - -361. Is j a prime number?
True
Suppose 2*h = -3*s - 58, -2*h + 4*s = 67 + 5. Let i(m) = 14*m - 4. Let u be i(5). Is (-296)/h*(u + 2) composite?
True
Suppose h - 5*h + 189 = 3*s, 4*h - 192 = -4*s. Suppose -2*r + 5*r = -h. Is (r/(-9))/((-1)/(-21)) composite?
True
Is 19609 + -1 + 2 - (88 - 85) composite?
True
Let m = 2650 - -3